es 46 divide 69886926?
True
Is 58 a factor of 99461092?
False
Is 74 a factor of 64335674?
True
Is 472 a factor of 387935856?
True
Does 5 divide 374363074?
False
Is 37913991 a multiple of 87?
True
Is 27 a factor of 8350536?
False
Is 27 a factor of 105996789?
True
Is 1728789942 a multiple of 102?
True
Does 376 divide 70401795?
False
Is 43335369 a multiple of 837?
False
Is 91589740 a multiple of 16?
False
Is 7 a factor of 6187988?
False
Does 88 divide 4861683095?
False
Does 3065 divide 26536770?
True
Does 400 divide 300244834?
False
Is 578390229 a multiple of 12?
False
Is 1112730907 a multiple of 170?
False
Is 442 a factor of 262487365?
False
Is 421934031 a multiple of 9?
True
Is 575 a factor of 6953475?
True
Is 13 a factor of 2462376527?
True
Does 62 divide 5560073014?
True
Is 10 a factor of 11522370?
True
Is 88510087 a multiple of 1847?
True
Does 291 divide 262754085?
True
Does 153 divide 239572908?
True
Is 103 a factor of 4900488?
False
Is 58729994 a multiple of 98?
False
Does 3 divide 316379353?
False
Does 56 divide 4601072?
True
Is 61 a factor of 184324012?
False
Does 14 divide 49241094?
True
Does 23 divide 8510093?
False
Is 11 a factor of 10123729?
True
Is 7788582 a multiple of 414?
True
Is 249325856 a multiple of 87?
False
Does 1286 divide 1695005870?
True
Is 99 a factor of 189525505?
False
Does 17 divide 27238352?
True
Does 142 divide 227127438?
True
Is 846 a factor of 10679058?
True
Does 290 divide 55695370?
True
Is 21528812 a multiple of 173?
True
Does 4 divide 72129052?
True
Is 2804361 a multiple of 1050?
False
Is 14 a factor of 198552592?
True
Is 17756954 a multiple of 31?
False
Is 2781 a factor of 200802105?
True
Does 14 divide 16959110?
True
Is 12023000 a multiple of 220?
True
Does 51 divide 997267770?
True
Is 18 a factor of 10902276?
True
Is 33782345 a multiple of 700?
False
Is 15 a factor of 29772225?
True
Does 451 divide 163271020?
True
Is 1656 a factor of 412229572?
False
Does 14 divide 7072912?
True
Is 1067601175 a multiple of 3697?
True
Is 2184359992 a multiple of 5176?
True
Is 614010552 a multiple of 124?
True
Is 421983036 a multiple of 372?
True
Is 1343 a factor of 14371034?
False
Is 77700816 a multiple of 144?
True
Is 27 a factor of 1523062374?
False
Is 703 a factor of 548651429?
True
Is 6363 a factor of 208552133?
False
Does 19 divide 1752157101?
False
Is 537327879 a multiple of 2733?
False
Is 50706188 a multiple of 4?
True
Is 118221810 a multiple of 1362?
False
Is 294145020 a multiple of 13?
True
Does 692 divide 89196657?
False
Does 5 divide 16884217?
False
Is 1297 a factor of 2492734131?
True
Is 83474721 a multiple of 33?
True
Is 1026 a factor of 190748790?
True
Does 748 divide 1492075244?
True
Does 60 divide 37430025?
False
Is 2976974 a multiple of 10?
False
Is 620509676 a multiple of 47?
False
Is 28 a factor of 2379307617?
False
Is 507997635 a multiple of 6?
False
Is 608 a factor of 3673615040?
True
Is 19055572 a multiple of 108?
False
Does 43 divide 363992030?
False
Is 173847753 a multiple of 99?
False
Is 26162090 a multiple of 139?
False
Does 318 divide 56385216?
True
Is 1953 a factor of 873151146?
True
Is 1248 a factor of 344516358?
False
Is 53025669 a multiple of 3239?
True
Is 196 a factor of 1729919716?
True
Is 7 a factor of 24009376?
False
Is 5 a factor of 1621954?
False
Is 57 a factor of 491816805?
True
Does 12 divide 40988652?
True
Does 3789 divide 1122846896?
False
Does 15 divide 19493285?
False
Is 4917003 a multiple of 50?
False
Is 399147884 a multiple of 193?
False
Is 95141419 a multiple of 15?
False
Does 110 divide 18645440?
True
Does 26 divide 4046995238?
True
Is 29 a factor of 694110566?
False
Does 2124 divide 922640112?
True
Is 702 a factor of 15218044?
False
Is 897039617 a multiple of 54?
False
Does 1839 divide 228878262?
True
Does 49 divide 791121288?
False
Does 168 divide 1052296392?
True
Is 2 a factor of 11825015?
False
Does 49 divide 25487007?
True
Is 133399080 a multiple of 1656?
True
Is 167953635 a multiple of 261?
False
Is 216908543 a multiple of 145?
False
Does 17 divide 806786?
True
Is 293113187 a multiple of 431?
True
Is 68 a factor of 164013476?
False
Is 253505314 a multiple of 411?
False
Is 503 a factor of 62491468?
False
Is 140 a factor of 48433420?
True
Is 29023543 a multiple of 15?
False
Is 31 a factor of 1037539?
True
Does 152 divide 50418241?
False
Does 7265 divide 759869491?
False
Is 9383 a factor of 3001499144?
False
Does 1231 divide 784670753?
False
Does 1753 divide 2364332907?
False
Is 215 a factor of 32802335?
True
Does 11 divide 25289553?
False
Does 30 divide 106167720?
True
Does 2 divide 89836970?
True
Is 5701727207 a multiple of 539?
False
Is 50 a factor of 29071881?
False
Is 82102457 a multiple of 21?
False
Is 233 a factor of 106309293?
False
Is 7939327 a multiple of 307?
True
Does 98 divide 28581602?
True
Is 5768799 a multiple of 1088?
False
Is 5 a factor of 5375399?
False
Does 2093 divide 2284174519?
False
Is 232134573 a multiple of 228?
False
Is 2070 a factor of 1755355860?
True
Is 4345386006 a multiple of 50?
False
Is 3597 a factor of 56788827?
False
Is 678398238 a multiple of 21?
True
Does 10 divide 214612020?
True
Is 1721 a factor of 24673977?
True
Is 294983714 a multiple of 13?
False
Is 76 a factor of 154429133?
False
Is 233163208 a multiple of 231?
False
Is 2023708997 a multiple of 20?
False
Is 251991084 a multiple of 82?
True
Does 2035 divide 64855371?
False
Does 120 divide 34535040?
True
Is 1155545370 a multiple of 105?
True
Is 10 a factor of 143532434?
False
Is 285 a factor of 272322915?
True
Is 477104760 a multiple of 88?
True
Does 2 divide 6860117?
False
Is 1749 a factor of 160314074?
False
Is 132607792 a multiple of 394?
True
Is 1326 a factor of 1078421952?
False
Is 11607704 a multiple of 8?
True
Is 24 a factor of 86633904?
True
Is 62396280 a multiple of 181?
False
Does 13 divide 2994303?
True
Does 614 divide 4280722?
False
Is 9172938 a multiple of 116?
False
Does 32 divide 88907264?
True
Is 175105049 a multiple of 164?
False
Is 585 a factor of 81739014?
False
Is 9 a factor of 110763382?
False
Is 4776 a factor of 1005707676?
False
Is 59607698 a multiple of 172?
False
Does 3 divide 27628582?
False
Is 15894420 a multiple of 20?
True
Does 4 divide 478728?
True
Does 848 divide 2404704976?
True
Is 14880046 a multiple of 382?
True
Is 6283 a factor of 1216403843?
False
Is 34 a factor of 1077510932?
True
Is 515 a factor of 289919765?
True
Is 2940853070 a multiple of 11290?
True
Is 1743531690 a multiple of 10?
True
Is 625 a factor of 994357202?
False
Is 7942360 a multiple of 23?
True
Is 174 a factor of 127570734?
False
Is 6935562 a multiple of 18?
True
Is 28434686 a multiple of 383?
True
Is 1202 a factor of 7924983?
False
Is 33 a factor of 394857094?
False
Is 187 a factor of 535035050?
True
Is 133 a factor of 49240856?
True
Does 3105 divide 906591690?
True
Is 7089834 a multiple of 1443?
False
Is 24 a factor of 42062169?
False
Is 286482721 a multiple of 693?
False
Is 624 a factor of 763465872?
True
Is 331 a factor of 42940831?
False
Does 152 divide 75439880?
True
Does 30 divide 27989613?
False
Is 3080289294 a multiple of 111?
True
Does 54 divide 32082543?
False
Is 601 a factor of 11014423?
False
Does 22 divide 91190677?
False
Is 146086315 a multiple of 5?
True
Is 37932000 a multiple of 300?
True
Does 248 divide 27658820?
False
Does 11974 divide 1704870094?
True
Does 28 divide 9302020?
True
Is 98456953 a multiple of 30?
False
Does 143 divide 56285164?
False
Is 2112933852 a multiple of 9?
True
Does 579 divide 23036673?
True
Does 747 divide 256475932?
False
Does 8 divide 563771754?
False
Is 71624373 a multiple of 305?
False
Does 17 divide 235820328?
True
Does 37 divide 29924625?
False
Is 206816777 a multiple of 9?
False
Is 1427632492 a multiple of 6?
False
Does 24 divide 2835480572?
False
Is 1608958 a multiple of 19?
True
Is 111 a factor of 209462105?
False
Is 442 a factor of 12476776?
True
Is 1740 a factor of 5034839640?
True
Is 32818786 a multiple of 14?
True
Does 200 divide 23220600?
True
Is 110 a factor of 3488172265?
False
Does 49 divide 1630519982?
True
Is 18 a factor of 168859288?
False
Does 66 divide 3126601632?
True
Is 25 a factor of 198801725?
True
Is 61 a factor of 48717810?
False
Is 2640 a factor of 245813040?
True
Is 1309 a factor of 4486439?
False
Is 3864239